{"id":5903,"date":"2026-01-26T19:19:05","date_gmt":"2026-01-26T19:19:05","guid":{"rendered":"https:\/\/www.cartoons-talide.de\/?page_id=5903"},"modified":"2026-04-09T22:50:26","modified_gmt":"2026-04-09T22:50:26","slug":"bases-del-concurso-2026","status":"publish","type":"page","link":"https:\/\/www.cartoons-talide.de\/?page_id=5903&lang=es","title":{"rendered":"Bases del concurso 2026"},"content":{"rendered":"<p>[vc_row][vc_column el_class=&#8220;img-wrap px-5 px-xl-2 z-bigger&#8220;][vc_single_image image=&#8220;6672&#8243; img_size=&#8220;full&#8220; css_animation=&#8220;zoomIn&#8220;][\/vc_column][\/vc_row][vc_row el_class=&#8220;over-hide z-bigger&#8220; css=&#8220;.vc_custom_1552634248137{padding-bottom: 140px !important;}&#8220;][vc_column el_class=&#8220;padding-top z-bigger&#8220;][vc_custom_heading text=&#8220;Poder mundial y realidad \u2013 El orden global en transformaci\u00f3n&#8220; font_container=&#8220;tag:h5|text_align:left&#8220; use_theme_fonts=&#8220;yes&#8220;][\/vc_column][vc_column el_class=&#8220;mt-2 mb-5 page-title-small z-bigger&#8220;][vc_column_text el_class=&#8220;mb-0 pb-0&#8243; css=&#8220;.vc_custom_1769455377661{margin-bottom: 0px !important;}&#8220;]Poder, actores y nuevo orden global[\/vc_column_text][\/vc_column][vc_column][vc_row_inner][vc_column_inner][vc_column_text]<strong>Bases de Participaci\u00f3n<\/strong><\/p>\n<p>El concurso est\u00e1 dirigido a todas las personas dedicadas al cartoon y la caricatura. Se buscan obras que representen <strong>el nuevo orden global, las estructuras de poder y las perspectivas del Sur Global<\/strong> de manera humor\u00edstica, cr\u00edtica y comprensible.<\/p>\n<p>&nbsp;<\/p>\n<p><strong>Participaci\u00f3n<\/strong><\/p>\n<ul>\n<li>Cada participante puede enviar m\u00e1ximo <strong>tres obras<\/strong>.<\/li>\n<li>La obra debe ser <strong>original<\/strong> y no haber sido presentada en otros concursos.<\/li>\n<li>Los textos o subt\u00edtulos pueden estar en <strong>alem\u00e1n, espa\u00f1ol o ingl\u00e9s<\/strong>.<\/li>\n<li>T\u00e9cnica: <strong>anal\u00f3gica o digital<\/strong>, libre elecci\u00f3n.<\/li>\n<li>Formato: <strong>A4 (210 x 297 mm), sin enmarcar<\/strong>. Las obras digitales deben enviarse en <strong>JPG\/PNG a 300 dpi (1\u201315 MB)<\/strong>.<\/li>\n<\/ul>\n<p>&nbsp;<\/p>\n<p><strong>Env\u00edo<\/strong><\/p>\n<ul>\n<li><strong>Correo electr\u00f3nico:<\/strong> competition@cartoons-talide.de, asunto: \u201eCartoons Submission\u201c<\/li>\n<li><strong>Correo postal:<\/strong> TALIDE e.V., Waldemarstra\u00dfe 33, 18057 Rostock, Alemania<\/li>\n<li>Se considera la <strong>fecha del matasellos<\/strong>. Indicar en el sobre: \u201eErkl\u00e4r\u2019s mal einfach\u201c.<\/li>\n<li>Adjuntar: nombre, direcci\u00f3n, correo electr\u00f3nico, n\u00famero de tel\u00e9fono, <strong>breve biograf\u00eda<\/strong> (m\u00e1x. 1 p\u00e1gina A4) y una <strong>foto o autorretrato\/caricatura del autor<\/strong>.<\/li>\n<li><strong>Devoluci\u00f3n de originales:<\/strong> Solo a petici\u00f3n expl\u00edcita y con sobre prefranqueado adjunto.<\/li>\n<\/ul>\n<p>&nbsp;<\/p>\n<p><strong>Exclusi\u00f3n de obras generadas por IA<\/strong><\/p>\n<p>No se permite el uso de sistemas de inteligencia artificial generativa para la creaci\u00f3n o modificaci\u00f3n sustancial de las obras presentadas.<\/p>\n<p>Solo se aceptar\u00e1n trabajos que hayan sido realizados predominantemente sin generaci\u00f3n asistida por IA y que se basen en el esfuerzo creativo propio del participante.<\/p>\n<p>El organizador se reserva el derecho de solicitar pruebas del proceso de creaci\u00f3n en caso de duda.<\/p>\n<p>El incumplimiento de estas normas dar\u00e1 lugar a la exclusi\u00f3n del concurso.<\/p>\n<p>&nbsp;<\/p>\n<p><strong>Premios<\/strong><\/p>\n<ul>\n<li><strong>1.\u00ba premio:<\/strong> 1.000 \u20ac<\/li>\n<li><strong>2.\u00ba premio:<\/strong> 500 \u20ac<\/li>\n<li><strong>3.\u00ba premio:<\/strong> 300 \u20ac<\/li>\n<\/ul>\n<p>&nbsp;<\/p>\n<p><strong>Premio especial<\/strong><\/p>\n<ul>\n<li><strong>Premio del p\u00fablico:<\/strong> 200 \u20ac<\/li>\n<\/ul>\n<p>&nbsp;<\/p>\n<p><strong>\u00a1Premio del p\u00fablico!<\/strong><\/p>\n<p>Hemos decidido crear un Premio del P\u00fablico porque queremos saber qu\u00e9 imagen les gusta m\u00e1s.<\/p>\n<p>Despu\u00e9s del cierre del plazo de env\u00edo, tendr\u00e1n la posibilidad de enviarnos un breve correo electr\u00f3nico con su nombre y la obra correspondiente. Cada correo cuenta como un voto.<\/p>\n<p>As\u00ed, su caricatura favorita formar\u00e1 parte de la votaci\u00f3n y el ganador ser\u00e1 anunciado oficialmente.<\/p>\n<p>El concurso del p\u00fablico comienza el <strong>1 de julio<\/strong> y finaliza el <strong>1 de agosto<\/strong>.<\/p>\n<p>Las obras premiadas pasar\u00e1n a ser <strong>propiedad del organizador<\/strong> (obra original f\u00edsica).<\/p>\n<p>Las obras seleccionadas se mostrar\u00e1n en la exposici\u00f3n y en el cat\u00e1logo del concurso.<\/p>\n<p>Cada artista participante cuya obra aparezca en el cat\u00e1logo recibir\u00e1 un ejemplar del mismo.<\/p>\n<p>&nbsp;<\/p>\n<p><strong>Derechos y uso<\/strong><\/p>\n<p>Con el env\u00edo de la obra, el\/la participante acepta que:<\/p>\n<ul>\n<li>El organizador pueda utilizar las obras presentadas <strong>de forma gratuita<\/strong> para la exposici\u00f3n, el cat\u00e1logo del concurso y para la <strong>difusi\u00f3n p\u00fablica del concurso y de los proyectos y la comunicaci\u00f3n p\u00fablica de Talide e.V.<\/strong> (medios impresos y digitales),<\/li>\n<li>Los <strong>derechos de autor<\/strong> permanezcan \u00edntegramente en poder del artista,<\/li>\n<li>El contenido presentado <strong>no infrinja derechos de terceros<\/strong>, en particular derechos de autor, derechos de la personalidad, de competencia o de marcas.<\/li>\n<\/ul>\n<p>&nbsp;<\/p>\n<p><strong>Organizaci\u00f3n y jurado<\/strong><\/p>\n<ul>\n<li>Los ganadores ser\u00e1n seleccionados por un <strong>jurado independiente<\/strong>.<\/li>\n<li>Los organizadores se reservan el derecho de <strong>modificar, complementar o cancelar el concurso<\/strong>.<\/li>\n<li><strong>No hay recurso legal<\/strong> contra las decisiones del concurso.<\/li>\n<\/ul>\n<p>&nbsp;<\/p>\n<p><strong>Plazo<\/strong><\/p>\n<ul>\n<li><strong>Fecha l\u00edmite de env\u00edo:<\/strong> 30 de junio de 2026<\/li>\n<\/ul>\n<p>[\/vc_column_text][\/vc_column_inner][\/vc_row_inner][\/vc_column][\/vc_row][vc_row][vc_column]\n\t\t\t<!-- START Promotores 1 REVOLUTION SLIDER 6.3.5 --><p class=\"rs-p-wp-fix\"><\/p>\n\t\t\t<rs-module-wrap id=\"rev_slider_30_1_wrapper\" data-source=\"gallery\" style=\"background:transparent;padding:0;margin:0px auto;margin-top:0;margin-bottom:0;\">\n\t\t\t\t<rs-module id=\"rev_slider_30_1\" style=\"\" data-version=\"6.3.5\">\n\t\t\t\t\t<rs-slides>\n\t\t\t\t\t\t<rs-slide data-key=\"rs-37\" data-title=\"Slide\" data-anim=\"ei:d;eo:d;s:1000;r:0;t:fade;sl:0;\">\n\t\t\t\t\t\t\t<img src=\"\/\/www.cartoons-talide.de\/wp-content\/plugins\/revslider\/public\/assets\/assets\/transparent.png\" alt=\"Slide\" title=\"Bases del concurso 2026\" data-bg=\"c:#ffffff;\" class=\"rev-slidebg\" data-no-retina>\n<!--\n\t\t\t\t\t\t\t--><a\n\t\t\t\t\t\t\t\tid=\"slider-30-slide-37-layer-1\" \n\t\t\t\t\t\t\t\tclass=\"rs-layer\"\n\t\t\t\t\t\t\t\thref=\"https:\/\/www.nue-stiftung.de\/\" target=\"_blank\" rel=\"noopener\"\n\t\t\t\t\t\t\t\tdata-type=\"image\"\n\t\t\t\t\t\t\t\tdata-rsp_ch=\"on\"\n\t\t\t\t\t\t\t\tdata-xy=\"xo:2px,2px,2px,70px;y:m;yo:0,0,0,-17px;\"\n\t\t\t\t\t\t\t\tdata-text=\"w:normal;s:20,16,12,7;l:0,20,15,9;\"\n\t\t\t\t\t\t\t\tdata-dim=\"w:161px,132px,100px,79px;h:55px,45px,34px,27px;\"\n\t\t\t\t\t\t\t\tdata-frame_999=\"o:0;st:w;\"\n\t\t\t\t\t\t\t\tstyle=\"z-index:8;\"\n\t\t\t\t\t\t\t><img src=\"\/\/www.cartoons-talide.de\/wp-content\/uploads\/promotores\/Norddeutsche-Stiftung-fuer-Umwelt-und-Entwicklung-Logo.png\" width=\"179\" height=\"61\" data-no-retina> \n\t\t\t\t\t\t\t<\/a><!--\n\n\t\t\t\t\t\t\t--><a\n\t\t\t\t\t\t\t\tid=\"slider-30-slide-37-layer-2\" \n\t\t\t\t\t\t\t\tclass=\"rs-layer\"\n\t\t\t\t\t\t\t\thref=\"https:\/\/www.katholischer-fonds.de\/\" target=\"_blank\" rel=\"noopener\"\n\t\t\t\t\t\t\t\tdata-type=\"image\"\n\t\t\t\t\t\t\t\tdata-rsp_ch=\"on\"\n\t\t\t\t\t\t\t\tdata-xy=\"xo:630px,441px,336px,255px;y:m;yo:0,0,0,-17px;\"\n\t\t\t\t\t\t\t\tdata-text=\"w:normal;s:20,16,12,7;l:0,20,15,9;\"\n\t\t\t\t\t\t\t\tdata-dim=\"w:90px,74px,56px,42px;h:60px,49px,37px,28px;\"\n\t\t\t\t\t\t\t\tdata-frame_999=\"o:0;st:w;\"\n\t\t\t\t\t\t\t\tstyle=\"z-index:9;\"\n\t\t\t\t\t\t\t><img src=\"\/\/www.cartoons-talide.de\/wp-content\/uploads\/promotores\/Katholischer-Fonds-Logo.png\" width=\"92\" height=\"61\" data-no-retina> \n\t\t\t\t\t\t\t<\/a><!--\n\n\t\t\t\t\t\t\t--><a\n\t\t\t\t\t\t\t\tid=\"slider-30-slide-37-layer-3\" \n\t\t\t\t\t\t\t\tclass=\"rs-layer\"\n\t\t\t\t\t\t\t\thref=\"https:\/\/www.ggp-gruppe.de\/\" target=\"_blank\" rel=\"noopener\"\n\t\t\t\t\t\t\t\tdata-type=\"image\"\n\t\t\t\t\t\t\t\tdata-rsp_ch=\"on\"\n\t\t\t\t\t\t\t\tdata-xy=\"xo:225px,162px,124px,178px;y:m;yo:0,0,0,-17px;\"\n\t\t\t\t\t\t\t\tdata-text=\"w:normal;s:20,16,12,7;l:0,20,15,9;\"\n\t\t\t\t\t\t\t\tdata-dim=\"w:104px,85px,64px,51px;h:55px,45px,34px,27px;\"\n\t\t\t\t\t\t\t\tdata-frame_999=\"o:0;st:w;\"\n\t\t\t\t\t\t\t\tstyle=\"z-index:10;\"\n\t\t\t\t\t\t\t><img src=\"\/\/www.cartoons-talide.de\/wp-content\/uploads\/promotores\/GGP-Gruppe-Logo.png\" width=\"113\" height=\"60\" data-no-retina> \n\t\t\t\t\t\t\t<\/a><!--\n\n\t\t\t\t\t\t\t--><rs-layer\n\t\t\t\t\t\t\t\tid=\"slider-30-slide-37-layer-4\" \n\t\t\t\t\t\t\t\tdata-type=\"image\"\n\t\t\t\t\t\t\t\tdata-rsp_ch=\"on\"\n\t\t\t\t\t\t\t\tdata-xy=\"x:r;xo:0,709px,539px,210px;y:m;yo:0,0,0,17px;\"\n\t\t\t\t\t\t\t\tdata-text=\"w:normal;s:20,16,12,7;l:0,20,15,9;\"\n\t\t\t\t\t\t\t\tdata-dim=\"w:184px,151px,114px,87px;h:53px,43px,32px,25px;\"\n\t\t\t\t\t\t\t\tdata-frame_999=\"o:0;st:w;\"\n\t\t\t\t\t\t\t\tstyle=\"z-index:14;\"\n\t\t\t\t\t\t\t><img src=\"\/\/www.cartoons-talide.de\/wp-content\/uploads\/promotores\/FABRO-Logo.png\" width=\"194\" height=\"56\" data-no-retina> \n\t\t\t\t\t\t\t<\/rs-layer><!--\n\n\t\t\t\t\t\t\t--><a\n\t\t\t\t\t\t\t\tid=\"slider-30-slide-37-layer-6\" \n\t\t\t\t\t\t\t\tclass=\"rs-layer\"\n\t\t\t\t\t\t\t\thref=\"https:\/\/www.rosalux.de\/\" target=\"_blank\" rel=\"noopener\"\n\t\t\t\t\t\t\t\tdata-type=\"image\"\n\t\t\t\t\t\t\t\tdata-rsp_ch=\"on\"\n\t\t\t\t\t\t\t\tdata-xy=\"xo:783px,541px,412px,136px;y:m;yo:0,0,0,17px;\"\n\t\t\t\t\t\t\t\tdata-text=\"w:normal;s:20,16,12,7;l:0,20,15,9;\"\n\t\t\t\t\t\t\t\tdata-dim=\"w:78px,64px,48px,38px;h:55px,45px,34px,27px;\"\n\t\t\t\t\t\t\t\tdata-frame_999=\"o:0;st:w;\"\n\t\t\t\t\t\t\t\tstyle=\"z-index:11;\"\n\t\t\t\t\t\t\t><img src=\"\/\/www.cartoons-talide.de\/wp-content\/uploads\/promotores\/Rosa-Luxemburg-Stiftung-Logo.png\" width=\"86\" height=\"61\" data-no-retina> \n\t\t\t\t\t\t\t<\/a><!--\n\n\t\t\t\t\t\t\t--><a\n\t\t\t\t\t\t\t\tid=\"slider-30-slide-37-layer-7\" \n\t\t\t\t\t\t\t\tclass=\"rs-layer\"\n\t\t\t\t\t\t\t\thref=\"https:\/\/www.ndr.de\/fernsehen\/sendungen\/bingo_die_umweltlotterie\/index.html\" target=\"_blank\" rel=\"noopener\"\n\t\t\t\t\t\t\t\tdata-type=\"image\"\n\t\t\t\t\t\t\t\tdata-rsp_ch=\"on\"\n\t\t\t\t\t\t\t\tdata-xy=\"xo:929px,631px,480px,70px;y:m;yo:0,0,0,17px;\"\n\t\t\t\t\t\t\t\tdata-text=\"w:normal;s:20,16,12,7;l:0,20,15,9;\"\n\t\t\t\t\t\t\t\tdata-dim=\"w:63px,52px,39px,28px;h:60px,49px,37px,27px;\"\n\t\t\t\t\t\t\t\tdata-frame_999=\"o:0;st:w;\"\n\t\t\t\t\t\t\t\tstyle=\"z-index:12;\"\n\t\t\t\t\t\t\t><img src=\"\/\/www.cartoons-talide.de\/wp-content\/uploads\/promotores\/Lottery-BINGO-Die-Umweltlotterie-Logo.png\" width=\"65\" height=\"62\" data-no-retina> \n\t\t\t\t\t\t\t<\/a><!--\n\n\t\t\t\t\t\t\t--><a\n\t\t\t\t\t\t\t\tid=\"slider-30-slide-37-layer-8\" \n\t\t\t\t\t\t\t\tclass=\"rs-layer\"\n\t\t\t\t\t\t\t\thref=\"https:\/\/www.facebook.com\/El-Indio-629336273800835\/\" target=\"_blank\" rel=\"noopener\"\n\t\t\t\t\t\t\t\tdata-type=\"image\"\n\t\t\t\t\t\t\t\tdata-rsp_ch=\"on\"\n\t\t\t\t\t\t\t\tdata-xy=\"x:l,l,l,r;xo:394px,273px,208px,67px;y:m;yo:0,0,0,-17px;\"\n\t\t\t\t\t\t\t\tdata-text=\"w:normal;s:20,16,12,7;l:0,20,15,9;\"\n\t\t\t\t\t\t\t\tdata-dim=\"w:174px,143px,108px,89px;h:45px,37px,28px,23px;\"\n\t\t\t\t\t\t\t\tdata-frame_999=\"o:0;st:w;\"\n\t\t\t\t\t\t\t\tstyle=\"z-index:13;\"\n\t\t\t\t\t\t\t><img src=\"\/\/www.cartoons-talide.de\/wp-content\/uploads\/promotores\/El-Indio-Logo.png\" width=\"201\" height=\"52\" data-no-retina> \n\t\t\t\t\t\t\t<\/a><!--\n-->\t\t\t\t\t\t<\/rs-slide>\n\t\t\t\t\t<\/rs-slides>\n\t\t\t\t<\/rs-module>\n\t\t\t\t<script type=\"text\/javascript\">\n\t\t\t\t\tsetREVStartSize({c: 'rev_slider_30_1',rl:[1240,1024,778,480],el:[130,90,80,70],gw:[1240,1024,778,480],gh:[130,90,80,70],type:'standard',justify:'',layout:'fullwidth',mh:\"0\"});\n\t\t\t\t\tvar\trevapi30,\n\t\t\t\t\t\ttpj;\n\t\t\t\t\tfunction revinit_revslider301() {\n\t\t\t\t\tjQuery(function() {\n\t\t\t\t\t\ttpj = jQuery;\n\t\t\t\t\t\trevapi30 = tpj(\"#rev_slider_30_1\");\n\t\t\t\t\t\tif(revapi30==undefined || revapi30.revolution == undefined){\n\t\t\t\t\t\t\trevslider_showDoubleJqueryError(\"rev_slider_30_1\");\n\t\t\t\t\t\t}else{\n\t\t\t\t\t\t\trevapi30.revolution({\n\t\t\t\t\t\t\t\tsliderLayout:\"fullwidth\",\n\t\t\t\t\t\t\t\tvisibilityLevels:\"1240,1024,778,480\",\n\t\t\t\t\t\t\t\tgridwidth:\"1240,1024,778,480\",\n\t\t\t\t\t\t\t\tgridheight:\"130,90,80,70\",\n\t\t\t\t\t\t\t\tperspective:600,\n\t\t\t\t\t\t\t\tperspectiveType:\"global\",\n\t\t\t\t\t\t\t\teditorheight:\"130,90,80,70\",\n\t\t\t\t\t\t\t\tresponsiveLevels:\"1240,1024,778,480\",\n\t\t\t\t\t\t\t\tprogressBar:{disableProgressBar:true},\n\t\t\t\t\t\t\t\tnavigation: {\n\t\t\t\t\t\t\t\t\tonHoverStop:false\n\t\t\t\t\t\t\t\t},\n\t\t\t\t\t\t\t\tfallbacks: {\n\t\t\t\t\t\t\t\t\tallowHTML5AutoPlayOnAndroid:true\n\t\t\t\t\t\t\t\t},\n\t\t\t\t\t\t\t});\n\t\t\t\t\t\t}\n\t\t\t\t\t\t\n\t\t\t\t\t});\n\t\t\t\t\t} \/\/ End of RevInitScript\n\t\t\t\tvar once_revslider301 = false;\n\t\t\t\tif (document.readyState === \"loading\") {document.addEventListener('readystatechange',function() { if((document.readyState === \"interactive\" || document.readyState === \"complete\") && !once_revslider301 ) { once_revslider301 = true; revinit_revslider301();}});} else {once_revslider301 = true; revinit_revslider301();}\n\t\t\t\t<\/script>\n\t\t\t<\/rs-module-wrap>\n\t\t\t<!-- END REVOLUTION SLIDER -->\n[\/vc_column][\/vc_row]<\/p>\n","protected":false},"excerpt":{"rendered":"<p>[vc_row][vc_column el_class=&#8220;img-wrap px-5 px-xl-2 z-bigger&#8220;][vc_single_image image=&#8220;6672&#8243; img_size=&#8220;full&#8220; css_animation=&#8220;zoomIn&#8220;][\/vc_column][\/vc_row][vc_row el_class=&#8220;over-hide z-bigger&#8220; css=&#8220;.vc_custom_1552634248137{padding-bottom: 140px !important;}&#8220;][vc_column el_class=&#8220;padding-top z-bigger&#8220;][vc_custom_heading text=&#8220;Poder mundial y realidad \u2013 El orden global en transformaci\u00f3n&#8220; font_container=&#8220;tag:h5|text_align:left&#8220; use_theme_fonts=&#8220;yes&#8220;][\/vc_column][vc_column el_class=&#8220;mt-2 mb-5 page-title-small z-bigger&#8220;][vc_column_text el_class=&#8220;mb-0 pb-0&#8243; css=&#8220;.vc_custom_1769455377661{margin-bottom: 0px !important;}&#8220;]Poder, actores y nuevo orden global[\/vc_column_text][\/vc_column][vc_column][vc_row_inner][vc_column_inner][vc_column_text]Bases de Participaci\u00f3n El concurso est\u00e1 dirigido a todas las personas dedicadas al cartoon y [&hellip;]<\/p>\n","protected":false},"author":1,"featured_media":0,"parent":0,"menu_order":0,"comment_status":"closed","ping_status":"closed","template":"","meta":[],"_links":{"self":[{"href":"https:\/\/www.cartoons-talide.de\/index.php?rest_route=\/wp\/v2\/pages\/5903"}],"collection":[{"href":"https:\/\/www.cartoons-talide.de\/index.php?rest_route=\/wp\/v2\/pages"}],"about":[{"href":"https:\/\/www.cartoons-talide.de\/index.php?rest_route=\/wp\/v2\/types\/page"}],"author":[{"embeddable":true,"href":"https:\/\/www.cartoons-talide.de\/index.php?rest_route=\/wp\/v2\/users\/1"}],"replies":[{"embeddable":true,"href":"https:\/\/www.cartoons-talide.de\/index.php?rest_route=%2Fwp%2Fv2%2Fcomments&post=5903"}],"version-history":[{"count":29,"href":"https:\/\/www.cartoons-talide.de\/index.php?rest_route=\/wp\/v2\/pages\/5903\/revisions"}],"predecessor-version":[{"id":6676,"href":"https:\/\/www.cartoons-talide.de\/index.php?rest_route=\/wp\/v2\/pages\/5903\/revisions\/6676"}],"wp:attachment":[{"href":"https:\/\/www.cartoons-talide.de\/index.php?rest_route=%2Fwp%2Fv2%2Fmedia&parent=5903"}],"curies":[{"name":"wp","href":"https:\/\/api.w.org\/{rel}","templated":true}]}}