{"id":5926,"date":"2026-01-26T21:52:55","date_gmt":"2026-01-26T21:52:55","guid":{"rendered":"https:\/\/www.cartoons-talide.de\/?page_id=5926"},"modified":"2026-04-09T22:56:24","modified_gmt":"2026-04-09T22:56:24","slug":"teilnahmebedingungen-2026","status":"publish","type":"page","link":"https:\/\/www.cartoons-talide.de\/?page_id=5926","title":{"rendered":"Teilnahmebedingungen 2026"},"content":{"rendered":"<p>[vc_row][vc_column el_class=&#8220;img-wrap px-5 px-xl-2 z-bigger&#8220;][vc_single_image image=&#8220;6672&#8243; img_size=&#8220;full&#8220; css_animation=&#8220;zoomIn&#8220;][\/vc_column][\/vc_row][vc_row el_class=&#8220;over-hide z-bigger&#8220; css=&#8220;.vc_custom_1552634248137{padding-bottom: 140px !important;}&#8220;][vc_column el_class=&#8220;padding-top z-bigger&#8220;][vc_custom_heading text=&#8220;Weltmacht &amp; Wirklichkeit \u2013 Globale Ordnung im Wandel&#8220; font_container=&#8220;tag:h5|text_align:left&#8220; use_theme_fonts=&#8220;yes&#8220;][\/vc_column][vc_column el_class=&#8220;mt-2 mb-5 page-title-small z-bigger&#8220;][vc_column_text el_class=&#8220;mb-0 pb-0&#8243; css=&#8220;.vc_custom_1769464862542{margin-bottom: 0px !important;}&#8220;]Macht, Akteure und neue globale Ordnung[\/vc_column_text][\/vc_column][vc_column][vc_row_inner][vc_column_inner][vc_column_text]<strong>Teilnahmebedingungen<\/strong><\/p>\n<p>Der Wettbewerb richtet sich an <strong>alle Cartoonistinnen und Karikaturistinnen<\/strong>. Gesucht werden Arbeiten, die die <strong>neue globale Ordnung<\/strong>, Machtstrukturen und die <strong>Perspektiven des Globalen S\u00fcdens<\/strong> humorvoll, kritisch und verst\u00e4ndlich darstellen.<\/p>\n<p>&nbsp;<\/p>\n<p><strong>Teilnahme<\/strong><\/p>\n<ul>\n<li>Jede<em>r Teilnehmer<\/em>in darf maximal <strong>drei Arbeiten einreichen<\/strong><\/li>\n<li>Das Werk muss <strong>original<\/strong> sein und darf <strong>nicht bereits bei anderen Wettbewerben eingereicht<\/strong> worden sein.<\/li>\n<li>Bildunterschriften k\u00f6nnen in <strong>Deutsch, Spanisch oder Englisch<\/strong> verfasst werden.<\/li>\n<li><strong>Technik:<\/strong> analog oder digital, frei w\u00e4hlbar.<\/li>\n<li><strong>Format:<\/strong> A4 (210 x 297 mm), ungerahmt. Digitale Arbeiten als JPG\/PNG, 300 dpi (1\u201315 MB).<\/li>\n<\/ul>\n<p>&nbsp;<\/p>\n<p><strong>Einreichung<\/strong><\/p>\n<ul>\n<li><strong>E-Mail:<\/strong> competition@cartoons-talide.de, Betreff: \u201eCartoons Submission\u201c<\/li>\n<li><strong>Post:<\/strong> TALIDE e.V., Waldemarstra\u00dfe 33, 18057 Rostock, Deutschland<\/li>\n<li>Es gilt das Datum des Poststempels. Auf dem Umschlag bitte \u201eErkl\u00e4r\u2019s mal einfach\u201c vermerken.<\/li>\n<li><strong>Beizulegen:<\/strong> Name, Anschrift, E-Mail, Telefonnummer, Kurzbiografie (max. 1 Seite A4) und ein Foto oder eine Selbstkarikatur.<\/li>\n<li><strong>R\u00fccksendung von Originalen:<\/strong> Nur auf ausdr\u00fccklichen Wunsch und mit beigelegtem frankierten R\u00fcckumschlag.<\/li>\n<\/ul>\n<p>&nbsp;<\/p>\n<p><strong>Ausschluss von KI-generierten Werken<\/strong><\/p>\n<p>Der Einsatz von generativen KI-Systemen zur Erstellung oder wesentlichen Ver\u00e4nderung der eingereichten Werke ist nicht gestattet.<\/p>\n<p>Zul\u00e4ssig sind ausschlie\u00dflich Arbeiten, die \u00fcberwiegend ohne KI-gest\u00fctzte Generierung entstanden sind und auf eigener kreativer Leistung beruhen.<\/p>\n<p>Der Veranstalter beh\u00e4lt sich vor, im Zweifel Nachweise zum Entstehungsprozess anzufordern.<\/p>\n<p>Bei Verst\u00f6\u00dfen erfolgt der Ausschluss vom Wettbewerb.<\/p>\n<p>&nbsp;<\/p>\n<p><strong>Preise<\/strong><\/p>\n<ul>\n<li><strong>1. Preis:<\/strong> 1.000 \u20ac<\/li>\n<li><strong>2. Preis:<\/strong> 500 \u20ac<\/li>\n<li><strong>3. Preis:<\/strong> 300 \u20ac<\/li>\n<\/ul>\n<p>&nbsp;<\/p>\n<p><strong>Sonderpreis<\/strong><\/p>\n<ul>\n<li><strong>Publikumspreis:<\/strong> 200 \u20ac<\/li>\n<\/ul>\n<p>&nbsp;<\/p>\n<p><strong>Publikumspreis \u2013 stimmt ab!<\/strong><\/p>\n<p>Wir haben uns entschieden, einen <strong>Publikumspreis<\/strong> einzurichten, denn wir m\u00f6chten wissen, welches Bild euch am meisten gef\u00e4llt.<\/p>\n<p>Nach dem Einsendeschluss habt ihr die M\u00f6glichkeit, uns <strong>eine kurze Mail<\/strong> mit eurem Namen und dem jeweiligen Werk zu hinterlassen. Pro Mail gibt es eine Stimme.<\/p>\n<p>So wird euer Lieblings-Cartoon Teil der Abstimmung, und der Gewinner wird offiziell bekannt gegeben!<\/p>\n<p>Der Publikumswettbewerb startet am 1. Juli und endet am 1. August<\/p>\n<p><strong>Die pr\u00e4mierten Werke gehen in das Eigentum des Veranstalters \u00fcber (physisches Original).<\/strong><\/p>\n<p>Ausgew\u00e4hlte Arbeiten werden in der Ausstellung sowie im Wettbewerbskatalog gezeigt.<\/p>\n<p>Jeder teilnehmende K\u00fcnstler, der im Katalog abgebildet wird erh\u00e4lt ein Belegexemplar des Katalogs.<\/p>\n<p>&nbsp;<\/p>\n<p><strong>Rechte und Nutzung<\/strong><\/p>\n<p>Mit der Einsendung erkl\u00e4rt sich der\/die Teilnehmer*in einverstanden, dass:<\/p>\n<ul>\n<li>der Veranstalter die eingereichten Arbeiten <strong>unentgeltlich<\/strong> f\u00fcr Ausstellung, Wettbewerbskatalog sowie f\u00fcr die <strong>\u00d6ffentlichkeitsarbeit des Wettbewerbs und von Projekten und der \u00d6ffentlichkeitsarbeit von Talide e.V.<\/strong> nutzen darf (Print- und digitale Medien),<\/li>\n<li>die <strong>Urheberrechte vollst\u00e4ndig beim K\u00fcnstler \/ bei der K\u00fcnstlerin verbleiben<\/strong>,<\/li>\n<li>der eingereichte Inhalt <strong>keine Rechte Dritter<\/strong> (insbesondere Urheber-, Pers\u00f6nlichkeits-, Wettbewerbs- oder Kennzeichenrechte) verletzt.<\/li>\n<\/ul>\n<p>&nbsp;<\/p>\n<p><strong>Organisation &amp; Jury<\/strong><\/p>\n<ul>\n<li>Die Gewinner werden von einer unabh\u00e4ngigen Jury ermittelt.<\/li>\n<li>Die Veranstalter behalten sich vor, den Wettbewerb zu erg\u00e4nzen, zu \u00e4ndern oder abzusagen.<\/li>\n<li><strong>Der Rechtsweg ist ausgeschlossen.<\/strong><\/li>\n<\/ul>\n<p><strong>\u00a0<\/strong><\/p>\n<p><strong>Deadline<\/strong><\/p>\n<ul>\n<li><strong>Einsendeschluss:<\/strong> 30. Juni 2026<\/li>\n<\/ul>\n<p>[\/vc_column_text][\/vc_column_inner][\/vc_row_inner][\/vc_column][\/vc_row][vc_row][vc_column]\n\t\t\t<!-- START Promotores 1 REVOLUTION SLIDER 6.3.5 --><p class=\"rs-p-wp-fix\"><\/p>\n\t\t\t<rs-module-wrap id=\"rev_slider_30_1_wrapper\" data-source=\"gallery\" style=\"background:transparent;padding:0;margin:0px auto;margin-top:0;margin-bottom:0;\">\n\t\t\t\t<rs-module id=\"rev_slider_30_1\" style=\"\" data-version=\"6.3.5\">\n\t\t\t\t\t<rs-slides>\n\t\t\t\t\t\t<rs-slide data-key=\"rs-37\" data-title=\"Slide\" data-anim=\"ei:d;eo:d;s:1000;r:0;t:fade;sl:0;\">\n\t\t\t\t\t\t\t<img src=\"\/\/www.cartoons-talide.de\/wp-content\/plugins\/revslider\/public\/assets\/assets\/transparent.png\" alt=\"Slide\" title=\"Teilnahmebedingungen 2026\" data-bg=\"c:#ffffff;\" class=\"rev-slidebg\" data-no-retina>\n<!--\n\t\t\t\t\t\t\t--><a\n\t\t\t\t\t\t\t\tid=\"slider-30-slide-37-layer-1\" \n\t\t\t\t\t\t\t\tclass=\"rs-layer\"\n\t\t\t\t\t\t\t\thref=\"https:\/\/www.nue-stiftung.de\/\" target=\"_blank\" rel=\"noopener\"\n\t\t\t\t\t\t\t\tdata-type=\"image\"\n\t\t\t\t\t\t\t\tdata-rsp_ch=\"on\"\n\t\t\t\t\t\t\t\tdata-xy=\"xo:2px,2px,2px,70px;y:m;yo:0,0,0,-17px;\"\n\t\t\t\t\t\t\t\tdata-text=\"w:normal;s:20,16,12,7;l:0,20,15,9;\"\n\t\t\t\t\t\t\t\tdata-dim=\"w:161px,132px,100px,79px;h:55px,45px,34px,27px;\"\n\t\t\t\t\t\t\t\tdata-frame_999=\"o:0;st:w;\"\n\t\t\t\t\t\t\t\tstyle=\"z-index:8;\"\n\t\t\t\t\t\t\t><img src=\"\/\/www.cartoons-talide.de\/wp-content\/uploads\/promotores\/Norddeutsche-Stiftung-fuer-Umwelt-und-Entwicklung-Logo.png\" width=\"179\" height=\"61\" data-no-retina> \n\t\t\t\t\t\t\t<\/a><!--\n\n\t\t\t\t\t\t\t--><a\n\t\t\t\t\t\t\t\tid=\"slider-30-slide-37-layer-2\" \n\t\t\t\t\t\t\t\tclass=\"rs-layer\"\n\t\t\t\t\t\t\t\thref=\"https:\/\/www.katholischer-fonds.de\/\" target=\"_blank\" rel=\"noopener\"\n\t\t\t\t\t\t\t\tdata-type=\"image\"\n\t\t\t\t\t\t\t\tdata-rsp_ch=\"on\"\n\t\t\t\t\t\t\t\tdata-xy=\"xo:630px,441px,336px,255px;y:m;yo:0,0,0,-17px;\"\n\t\t\t\t\t\t\t\tdata-text=\"w:normal;s:20,16,12,7;l:0,20,15,9;\"\n\t\t\t\t\t\t\t\tdata-dim=\"w:90px,74px,56px,42px;h:60px,49px,37px,28px;\"\n\t\t\t\t\t\t\t\tdata-frame_999=\"o:0;st:w;\"\n\t\t\t\t\t\t\t\tstyle=\"z-index:9;\"\n\t\t\t\t\t\t\t><img src=\"\/\/www.cartoons-talide.de\/wp-content\/uploads\/promotores\/Katholischer-Fonds-Logo.png\" width=\"92\" height=\"61\" data-no-retina> \n\t\t\t\t\t\t\t<\/a><!--\n\n\t\t\t\t\t\t\t--><a\n\t\t\t\t\t\t\t\tid=\"slider-30-slide-37-layer-3\" \n\t\t\t\t\t\t\t\tclass=\"rs-layer\"\n\t\t\t\t\t\t\t\thref=\"https:\/\/www.ggp-gruppe.de\/\" target=\"_blank\" rel=\"noopener\"\n\t\t\t\t\t\t\t\tdata-type=\"image\"\n\t\t\t\t\t\t\t\tdata-rsp_ch=\"on\"\n\t\t\t\t\t\t\t\tdata-xy=\"xo:225px,162px,124px,178px;y:m;yo:0,0,0,-17px;\"\n\t\t\t\t\t\t\t\tdata-text=\"w:normal;s:20,16,12,7;l:0,20,15,9;\"\n\t\t\t\t\t\t\t\tdata-dim=\"w:104px,85px,64px,51px;h:55px,45px,34px,27px;\"\n\t\t\t\t\t\t\t\tdata-frame_999=\"o:0;st:w;\"\n\t\t\t\t\t\t\t\tstyle=\"z-index:10;\"\n\t\t\t\t\t\t\t><img src=\"\/\/www.cartoons-talide.de\/wp-content\/uploads\/promotores\/GGP-Gruppe-Logo.png\" width=\"113\" height=\"60\" data-no-retina> \n\t\t\t\t\t\t\t<\/a><!--\n\n\t\t\t\t\t\t\t--><rs-layer\n\t\t\t\t\t\t\t\tid=\"slider-30-slide-37-layer-4\" \n\t\t\t\t\t\t\t\tdata-type=\"image\"\n\t\t\t\t\t\t\t\tdata-rsp_ch=\"on\"\n\t\t\t\t\t\t\t\tdata-xy=\"x:r;xo:0,709px,539px,210px;y:m;yo:0,0,0,17px;\"\n\t\t\t\t\t\t\t\tdata-text=\"w:normal;s:20,16,12,7;l:0,20,15,9;\"\n\t\t\t\t\t\t\t\tdata-dim=\"w:184px,151px,114px,87px;h:53px,43px,32px,25px;\"\n\t\t\t\t\t\t\t\tdata-frame_999=\"o:0;st:w;\"\n\t\t\t\t\t\t\t\tstyle=\"z-index:14;\"\n\t\t\t\t\t\t\t><img src=\"\/\/www.cartoons-talide.de\/wp-content\/uploads\/promotores\/FABRO-Logo.png\" width=\"194\" height=\"56\" data-no-retina> \n\t\t\t\t\t\t\t<\/rs-layer><!--\n\n\t\t\t\t\t\t\t--><a\n\t\t\t\t\t\t\t\tid=\"slider-30-slide-37-layer-6\" \n\t\t\t\t\t\t\t\tclass=\"rs-layer\"\n\t\t\t\t\t\t\t\thref=\"https:\/\/www.rosalux.de\/\" target=\"_blank\" rel=\"noopener\"\n\t\t\t\t\t\t\t\tdata-type=\"image\"\n\t\t\t\t\t\t\t\tdata-rsp_ch=\"on\"\n\t\t\t\t\t\t\t\tdata-xy=\"xo:783px,541px,412px,136px;y:m;yo:0,0,0,17px;\"\n\t\t\t\t\t\t\t\tdata-text=\"w:normal;s:20,16,12,7;l:0,20,15,9;\"\n\t\t\t\t\t\t\t\tdata-dim=\"w:78px,64px,48px,38px;h:55px,45px,34px,27px;\"\n\t\t\t\t\t\t\t\tdata-frame_999=\"o:0;st:w;\"\n\t\t\t\t\t\t\t\tstyle=\"z-index:11;\"\n\t\t\t\t\t\t\t><img src=\"\/\/www.cartoons-talide.de\/wp-content\/uploads\/promotores\/Rosa-Luxemburg-Stiftung-Logo.png\" width=\"86\" height=\"61\" data-no-retina> \n\t\t\t\t\t\t\t<\/a><!--\n\n\t\t\t\t\t\t\t--><a\n\t\t\t\t\t\t\t\tid=\"slider-30-slide-37-layer-7\" \n\t\t\t\t\t\t\t\tclass=\"rs-layer\"\n\t\t\t\t\t\t\t\thref=\"https:\/\/www.ndr.de\/fernsehen\/sendungen\/bingo_die_umweltlotterie\/index.html\" target=\"_blank\" rel=\"noopener\"\n\t\t\t\t\t\t\t\tdata-type=\"image\"\n\t\t\t\t\t\t\t\tdata-rsp_ch=\"on\"\n\t\t\t\t\t\t\t\tdata-xy=\"xo:929px,631px,480px,70px;y:m;yo:0,0,0,17px;\"\n\t\t\t\t\t\t\t\tdata-text=\"w:normal;s:20,16,12,7;l:0,20,15,9;\"\n\t\t\t\t\t\t\t\tdata-dim=\"w:63px,52px,39px,28px;h:60px,49px,37px,27px;\"\n\t\t\t\t\t\t\t\tdata-frame_999=\"o:0;st:w;\"\n\t\t\t\t\t\t\t\tstyle=\"z-index:12;\"\n\t\t\t\t\t\t\t><img src=\"\/\/www.cartoons-talide.de\/wp-content\/uploads\/promotores\/Lottery-BINGO-Die-Umweltlotterie-Logo.png\" width=\"65\" height=\"62\" data-no-retina> \n\t\t\t\t\t\t\t<\/a><!--\n\n\t\t\t\t\t\t\t--><a\n\t\t\t\t\t\t\t\tid=\"slider-30-slide-37-layer-8\" \n\t\t\t\t\t\t\t\tclass=\"rs-layer\"\n\t\t\t\t\t\t\t\thref=\"https:\/\/www.facebook.com\/El-Indio-629336273800835\/\" target=\"_blank\" rel=\"noopener\"\n\t\t\t\t\t\t\t\tdata-type=\"image\"\n\t\t\t\t\t\t\t\tdata-rsp_ch=\"on\"\n\t\t\t\t\t\t\t\tdata-xy=\"x:l,l,l,r;xo:394px,273px,208px,67px;y:m;yo:0,0,0,-17px;\"\n\t\t\t\t\t\t\t\tdata-text=\"w:normal;s:20,16,12,7;l:0,20,15,9;\"\n\t\t\t\t\t\t\t\tdata-dim=\"w:174px,143px,108px,89px;h:45px,37px,28px,23px;\"\n\t\t\t\t\t\t\t\tdata-frame_999=\"o:0;st:w;\"\n\t\t\t\t\t\t\t\tstyle=\"z-index:13;\"\n\t\t\t\t\t\t\t><img src=\"\/\/www.cartoons-talide.de\/wp-content\/uploads\/promotores\/El-Indio-Logo.png\" width=\"201\" height=\"52\" data-no-retina> \n\t\t\t\t\t\t\t<\/a><!--\n-->\t\t\t\t\t\t<\/rs-slide>\n\t\t\t\t\t<\/rs-slides>\n\t\t\t\t<\/rs-module>\n\t\t\t\t<script type=\"text\/javascript\">\n\t\t\t\t\tsetREVStartSize({c: 'rev_slider_30_1',rl:[1240,1024,778,480],el:[130,90,80,70],gw:[1240,1024,778,480],gh:[130,90,80,70],type:'standard',justify:'',layout:'fullwidth',mh:\"0\"});\n\t\t\t\t\tvar\trevapi30,\n\t\t\t\t\t\ttpj;\n\t\t\t\t\tfunction revinit_revslider301() {\n\t\t\t\t\tjQuery(function() {\n\t\t\t\t\t\ttpj = jQuery;\n\t\t\t\t\t\trevapi30 = tpj(\"#rev_slider_30_1\");\n\t\t\t\t\t\tif(revapi30==undefined || revapi30.revolution == undefined){\n\t\t\t\t\t\t\trevslider_showDoubleJqueryError(\"rev_slider_30_1\");\n\t\t\t\t\t\t}else{\n\t\t\t\t\t\t\trevapi30.revolution({\n\t\t\t\t\t\t\t\tsliderLayout:\"fullwidth\",\n\t\t\t\t\t\t\t\tvisibilityLevels:\"1240,1024,778,480\",\n\t\t\t\t\t\t\t\tgridwidth:\"1240,1024,778,480\",\n\t\t\t\t\t\t\t\tgridheight:\"130,90,80,70\",\n\t\t\t\t\t\t\t\tperspective:600,\n\t\t\t\t\t\t\t\tperspectiveType:\"global\",\n\t\t\t\t\t\t\t\teditorheight:\"130,90,80,70\",\n\t\t\t\t\t\t\t\tresponsiveLevels:\"1240,1024,778,480\",\n\t\t\t\t\t\t\t\tprogressBar:{disableProgressBar:true},\n\t\t\t\t\t\t\t\tnavigation: {\n\t\t\t\t\t\t\t\t\tonHoverStop:false\n\t\t\t\t\t\t\t\t},\n\t\t\t\t\t\t\t\tfallbacks: {\n\t\t\t\t\t\t\t\t\tallowHTML5AutoPlayOnAndroid:true\n\t\t\t\t\t\t\t\t},\n\t\t\t\t\t\t\t});\n\t\t\t\t\t\t}\n\t\t\t\t\t\t\n\t\t\t\t\t});\n\t\t\t\t\t} \/\/ End of RevInitScript\n\t\t\t\tvar once_revslider301 = false;\n\t\t\t\tif (document.readyState === \"loading\") {document.addEventListener('readystatechange',function() { if((document.readyState === \"interactive\" || document.readyState === \"complete\") && !once_revslider301 ) { once_revslider301 = true; revinit_revslider301();}});} else {once_revslider301 = true; revinit_revslider301();}\n\t\t\t\t<\/script>\n\t\t\t<\/rs-module-wrap>\n\t\t\t<!-- END REVOLUTION SLIDER -->\n[\/vc_column][\/vc_row]<\/p>\n","protected":false},"excerpt":{"rendered":"<p>[vc_row][vc_column el_class=&#8220;img-wrap px-5 px-xl-2 z-bigger&#8220;][vc_single_image image=&#8220;6672&#8243; img_size=&#8220;full&#8220; css_animation=&#8220;zoomIn&#8220;][\/vc_column][\/vc_row][vc_row el_class=&#8220;over-hide z-bigger&#8220; css=&#8220;.vc_custom_1552634248137{padding-bottom: 140px !important;}&#8220;][vc_column el_class=&#8220;padding-top z-bigger&#8220;][vc_custom_heading text=&#8220;Weltmacht &amp; Wirklichkeit \u2013 Globale Ordnung im Wandel&#8220; font_container=&#8220;tag:h5|text_align:left&#8220; use_theme_fonts=&#8220;yes&#8220;][\/vc_column][vc_column el_class=&#8220;mt-2 mb-5 page-title-small z-bigger&#8220;][vc_column_text el_class=&#8220;mb-0 pb-0&#8243; css=&#8220;.vc_custom_1769464862542{margin-bottom: 0px !important;}&#8220;]Macht, Akteure und neue globale Ordnung[\/vc_column_text][\/vc_column][vc_column][vc_row_inner][vc_column_inner][vc_column_text]Teilnahmebedingungen Der Wettbewerb richtet sich an alle Cartoonistinnen und Karikaturistinnen. Gesucht werden Arbeiten, die die neue globale [&hellip;]<\/p>\n","protected":false},"author":1,"featured_media":0,"parent":0,"menu_order":0,"comment_status":"closed","ping_status":"closed","template":"","meta":[],"_links":{"self":[{"href":"https:\/\/www.cartoons-talide.de\/index.php?rest_route=\/wp\/v2\/pages\/5926"}],"collection":[{"href":"https:\/\/www.cartoons-talide.de\/index.php?rest_route=\/wp\/v2\/pages"}],"about":[{"href":"https:\/\/www.cartoons-talide.de\/index.php?rest_route=\/wp\/v2\/types\/page"}],"author":[{"embeddable":true,"href":"https:\/\/www.cartoons-talide.de\/index.php?rest_route=\/wp\/v2\/users\/1"}],"replies":[{"embeddable":true,"href":"https:\/\/www.cartoons-talide.de\/index.php?rest_route=%2Fwp%2Fv2%2Fcomments&post=5926"}],"version-history":[{"count":15,"href":"https:\/\/www.cartoons-talide.de\/index.php?rest_route=\/wp\/v2\/pages\/5926\/revisions"}],"predecessor-version":[{"id":6098,"href":"https:\/\/www.cartoons-talide.de\/index.php?rest_route=\/wp\/v2\/pages\/5926\/revisions\/6098"}],"wp:attachment":[{"href":"https:\/\/www.cartoons-talide.de\/index.php?rest_route=%2Fwp%2Fv2%2Fmedia&parent=5926"}],"curies":[{"name":"wp","href":"https:\/\/api.w.org\/{rel}","templated":true}]}}