{"id":5956,"date":"2026-01-27T00:06:00","date_gmt":"2026-01-27T00:06:00","guid":{"rendered":"https:\/\/www.cartoons-talide.de\/?page_id=5956"},"modified":"2026-04-09T22:58:12","modified_gmt":"2026-04-09T22:58:12","slug":"tema-2026","status":"publish","type":"page","link":"https:\/\/www.cartoons-talide.de\/?page_id=5956&lang=es","title":{"rendered":"Tema 2026"},"content":{"rendered":"<p>[vc_row][vc_column el_class=&#8220;img-wrap px-5 px-xl-2 z-bigger&#8220;][vc_single_image image=&#8220;6671&#8243; img_size=&#8220;full&#8220; css_animation=&#8220;zoomIn&#8220;][\/vc_column][\/vc_row][vc_row el_class=&#8220;over-hide z-bigger&#8220; css=&#8220;.vc_custom_1552634248137{padding-bottom: 140px !important;}&#8220;][vc_column el_class=&#8220;padding-top z-bigger&#8220;][vc_custom_heading text=&#8220;Poder mundial y realidad \u2013 El orden global en transformaci\u00f3n&#8220; font_container=&#8220;tag:h5|text_align:left&#8220; use_theme_fonts=&#8220;yes&#8220;][\/vc_column][vc_column el_class=&#8220;mt-2 mb-5 page-title-small z-bigger&#8220;][vc_column_text el_class=&#8220;mb-0 pb-0&#8243; css=&#8220;.vc_custom_1769455377661{margin-bottom: 0px !important;}&#8220;]Poder, actores y nuevo orden global[\/vc_column_text][\/vc_column][vc_column][vc_row_inner][vc_column_inner][vc_column_text]El orden global se encuentra en plena transformaci\u00f3n. Las antiguas relaciones de poder se tambalean, nuevos actores entran en escena y las instituciones internacionales ganan o pierden influencia.<\/p>\n<p>&nbsp;<\/p>\n<p><strong>Actores centrales:<\/strong><\/p>\n<ul>\n<li><strong>Poderes tradicionales:<\/strong> Estados del G7 (EE.\u202fUU., Alemania, Francia, Jap\u00f3n, etc.)<\/li>\n<li><strong>Poderes emergentes:<\/strong> Estados BRICS (Brasil, Rusia, India, China, Sud\u00e1frica)<\/li>\n<li><strong>Instituciones internacionales:<\/strong> ONU, OMC, FMI, Banco Mundial<\/li>\n<li><strong>Actores privados:<\/strong> Corporaciones globales, instituciones financieras, ONG<\/li>\n<\/ul>\n<p>El \u201cnuevo orden global\u201d describe los desplazamientos de poder y los procesos mediante los cuales se distribuyen reglas, normas y recursos a nivel mundial.<\/p>\n<p>&nbsp;<\/p>\n<p><strong>Perspectiva del Sur Global<\/strong><\/p>\n<p><strong>Definici\u00f3n de Sur Global:<\/strong><\/p>\n<p>Regiones que hist\u00f3ricamente, econ\u00f3mica y pol\u00edticamente tienen menos influencia en los procesos de decisi\u00f3n global \u2014por ejemplo, pa\u00edses de \u00c1frica, Am\u00e9rica Latina, Asia y Ocean\u00eda.<\/p>\n<p>Las personas de estas regiones experimentan directamente las decisiones del orden mundial, ya sea a trav\u00e9s de impactos clim\u00e1ticos, explotaci\u00f3n de recursos, cargas de deuda o migraci\u00f3n. Sus perspectivas y opiniones a menudo est\u00e1n subrepresentadas, aunque se ven directamente afectadas.<\/p>\n<p>&nbsp;<\/p>\n<p><strong>Percepci\u00f3n y representaci\u00f3n medi\u00e1tica<\/strong><\/p>\n<p>La percepci\u00f3n del orden global est\u00e1 fuertemente influenciada por los medios de comunicaci\u00f3n. A menudo informan desde la perspectiva de los estados poderosos o actores econ\u00f3micos.<\/p>\n<p><strong>Consecuencia:<\/strong> algunos relatos dominan mientras que las voces de los grupos marginados permanecen invisibles. Los medios transparentes y cr\u00edticos son esenciales para cuestionar las relaciones de poder.<\/p>\n<p>&nbsp;<\/p>\n<p><strong>Consecuencias de un orden mundial desigual<\/strong><\/p>\n<p>Si el orden mundial no organiza para todos, surgen consecuencias de gran alcance:<\/p>\n<ul>\n<li>Mayor desigualdad social y econ\u00f3mica<\/li>\n<li>Conflictos por recursos, medio ambiente y comercio<\/li>\n<li>Migraci\u00f3n y movilidad forzada<\/li>\n<li>Inestabilidad pol\u00edtica y p\u00e9rdida de confianza en las instituciones estatales<\/li>\n<li>Destrucci\u00f3n ambiental y falta de responsabilidad global<\/li>\n<\/ul>\n<p>&nbsp;<\/p>\n<p><strong>\u00c1mbitos de acci\u00f3n<\/strong><\/p>\n<p><strong>Gobierno \/ Estado:<\/strong><\/p>\n<ul>\n<li>Promoci\u00f3n de cambios legales para establecer reglas y estructuras claras<\/li>\n<li>Fortalecimiento de la transparencia, mecanismos de control y participaci\u00f3n<\/li>\n<li>Cooperaci\u00f3n internacional para resolver problemas globales<\/li>\n<\/ul>\n<p><strong>\u00a0<\/strong><strong>Sector privado:<\/strong><\/p>\n<ul>\n<li>Fomento de condiciones de competencia justa<\/li>\n<li>Combate a la monopolizaci\u00f3n y concentraci\u00f3n de poder<\/li>\n<li>Uso responsable de recursos y condiciones laborales<\/li>\n<\/ul>\n<p><strong>\u00a0<\/strong><strong>Medios y comunicaci\u00f3n:<\/strong><\/p>\n<ul>\n<li>Informaci\u00f3n transparente y control de actores<\/li>\n<li>Denuncia de injusticias y abuso de poder<\/li>\n<\/ul>\n<p><strong>\u00a0<\/strong><strong>Sociedad \/ Sociedad civil:<\/strong><\/p>\n<ul>\n<li>Presi\u00f3n constante sobre los responsables de decisiones<\/li>\n<li>Participaci\u00f3n, compromiso y debate p\u00fablico<\/li>\n<li>Visibilizaci\u00f3n de los intereses de grupos marginados<\/li>\n<\/ul>\n<p><strong>\u00a0<\/strong><\/p>\n<p><strong>Preguntas centrales del nuevo orden mundial<\/strong><\/p>\n<ul>\n<li>\u00bfQui\u00e9n organiza el mundo y qui\u00e9n queda olvidado?<\/li>\n<li>\u00bfQu\u00e9 intereses determinan la agenda global?<\/li>\n<li>\u00bfQu\u00e9 responsabilidad tienen los estados, corporaciones e instituciones poderosas?<\/li>\n<li>\u00bfEn qu\u00e9 medida se tienen en cuenta los intereses y necesidades del Sur Global?<\/li>\n<li>\u00bfC\u00f3mo se percibe y se representa medi\u00e1ticamente el orden mundial?<\/li>\n<li>\u00bfQu\u00e9 esperanzas, resistencias y alternativas existen?<\/li>\n<\/ul>\n<p>[\/vc_column_text][\/vc_column_inner][\/vc_row_inner][\/vc_column][\/vc_row][vc_row][vc_column]\n\t\t\t<!-- START Promotores 1 REVOLUTION SLIDER 6.3.5 --><p class=\"rs-p-wp-fix\"><\/p>\n\t\t\t<rs-module-wrap id=\"rev_slider_30_1_wrapper\" data-source=\"gallery\" style=\"background:transparent;padding:0;margin:0px auto;margin-top:0;margin-bottom:0;\">\n\t\t\t\t<rs-module id=\"rev_slider_30_1\" style=\"\" data-version=\"6.3.5\">\n\t\t\t\t\t<rs-slides>\n\t\t\t\t\t\t<rs-slide data-key=\"rs-37\" data-title=\"Slide\" data-anim=\"ei:d;eo:d;s:1000;r:0;t:fade;sl:0;\">\n\t\t\t\t\t\t\t<img src=\"\/\/www.cartoons-talide.de\/wp-content\/plugins\/revslider\/public\/assets\/assets\/transparent.png\" alt=\"Slide\" title=\"Tema 2026\" data-bg=\"c:#ffffff;\" class=\"rev-slidebg\" data-no-retina>\n<!--\n\t\t\t\t\t\t\t--><a\n\t\t\t\t\t\t\t\tid=\"slider-30-slide-37-layer-1\" \n\t\t\t\t\t\t\t\tclass=\"rs-layer\"\n\t\t\t\t\t\t\t\thref=\"https:\/\/www.nue-stiftung.de\/\" target=\"_blank\" rel=\"noopener\"\n\t\t\t\t\t\t\t\tdata-type=\"image\"\n\t\t\t\t\t\t\t\tdata-rsp_ch=\"on\"\n\t\t\t\t\t\t\t\tdata-xy=\"xo:2px,2px,2px,70px;y:m;yo:0,0,0,-17px;\"\n\t\t\t\t\t\t\t\tdata-text=\"w:normal;s:20,16,12,7;l:0,20,15,9;\"\n\t\t\t\t\t\t\t\tdata-dim=\"w:161px,132px,100px,79px;h:55px,45px,34px,27px;\"\n\t\t\t\t\t\t\t\tdata-frame_999=\"o:0;st:w;\"\n\t\t\t\t\t\t\t\tstyle=\"z-index:8;\"\n\t\t\t\t\t\t\t><img src=\"\/\/www.cartoons-talide.de\/wp-content\/uploads\/promotores\/Norddeutsche-Stiftung-fuer-Umwelt-und-Entwicklung-Logo.png\" width=\"179\" height=\"61\" data-no-retina> \n\t\t\t\t\t\t\t<\/a><!--\n\n\t\t\t\t\t\t\t--><a\n\t\t\t\t\t\t\t\tid=\"slider-30-slide-37-layer-2\" \n\t\t\t\t\t\t\t\tclass=\"rs-layer\"\n\t\t\t\t\t\t\t\thref=\"https:\/\/www.katholischer-fonds.de\/\" target=\"_blank\" rel=\"noopener\"\n\t\t\t\t\t\t\t\tdata-type=\"image\"\n\t\t\t\t\t\t\t\tdata-rsp_ch=\"on\"\n\t\t\t\t\t\t\t\tdata-xy=\"xo:630px,441px,336px,255px;y:m;yo:0,0,0,-17px;\"\n\t\t\t\t\t\t\t\tdata-text=\"w:normal;s:20,16,12,7;l:0,20,15,9;\"\n\t\t\t\t\t\t\t\tdata-dim=\"w:90px,74px,56px,42px;h:60px,49px,37px,28px;\"\n\t\t\t\t\t\t\t\tdata-frame_999=\"o:0;st:w;\"\n\t\t\t\t\t\t\t\tstyle=\"z-index:9;\"\n\t\t\t\t\t\t\t><img src=\"\/\/www.cartoons-talide.de\/wp-content\/uploads\/promotores\/Katholischer-Fonds-Logo.png\" width=\"92\" height=\"61\" data-no-retina> \n\t\t\t\t\t\t\t<\/a><!--\n\n\t\t\t\t\t\t\t--><a\n\t\t\t\t\t\t\t\tid=\"slider-30-slide-37-layer-3\" \n\t\t\t\t\t\t\t\tclass=\"rs-layer\"\n\t\t\t\t\t\t\t\thref=\"https:\/\/www.ggp-gruppe.de\/\" target=\"_blank\" rel=\"noopener\"\n\t\t\t\t\t\t\t\tdata-type=\"image\"\n\t\t\t\t\t\t\t\tdata-rsp_ch=\"on\"\n\t\t\t\t\t\t\t\tdata-xy=\"xo:225px,162px,124px,178px;y:m;yo:0,0,0,-17px;\"\n\t\t\t\t\t\t\t\tdata-text=\"w:normal;s:20,16,12,7;l:0,20,15,9;\"\n\t\t\t\t\t\t\t\tdata-dim=\"w:104px,85px,64px,51px;h:55px,45px,34px,27px;\"\n\t\t\t\t\t\t\t\tdata-frame_999=\"o:0;st:w;\"\n\t\t\t\t\t\t\t\tstyle=\"z-index:10;\"\n\t\t\t\t\t\t\t><img src=\"\/\/www.cartoons-talide.de\/wp-content\/uploads\/promotores\/GGP-Gruppe-Logo.png\" width=\"113\" height=\"60\" data-no-retina> \n\t\t\t\t\t\t\t<\/a><!--\n\n\t\t\t\t\t\t\t--><rs-layer\n\t\t\t\t\t\t\t\tid=\"slider-30-slide-37-layer-4\" \n\t\t\t\t\t\t\t\tdata-type=\"image\"\n\t\t\t\t\t\t\t\tdata-rsp_ch=\"on\"\n\t\t\t\t\t\t\t\tdata-xy=\"x:r;xo:0,709px,539px,210px;y:m;yo:0,0,0,17px;\"\n\t\t\t\t\t\t\t\tdata-text=\"w:normal;s:20,16,12,7;l:0,20,15,9;\"\n\t\t\t\t\t\t\t\tdata-dim=\"w:184px,151px,114px,87px;h:53px,43px,32px,25px;\"\n\t\t\t\t\t\t\t\tdata-frame_999=\"o:0;st:w;\"\n\t\t\t\t\t\t\t\tstyle=\"z-index:14;\"\n\t\t\t\t\t\t\t><img src=\"\/\/www.cartoons-talide.de\/wp-content\/uploads\/promotores\/FABRO-Logo.png\" width=\"194\" height=\"56\" data-no-retina> \n\t\t\t\t\t\t\t<\/rs-layer><!--\n\n\t\t\t\t\t\t\t--><a\n\t\t\t\t\t\t\t\tid=\"slider-30-slide-37-layer-6\" \n\t\t\t\t\t\t\t\tclass=\"rs-layer\"\n\t\t\t\t\t\t\t\thref=\"https:\/\/www.rosalux.de\/\" target=\"_blank\" rel=\"noopener\"\n\t\t\t\t\t\t\t\tdata-type=\"image\"\n\t\t\t\t\t\t\t\tdata-rsp_ch=\"on\"\n\t\t\t\t\t\t\t\tdata-xy=\"xo:783px,541px,412px,136px;y:m;yo:0,0,0,17px;\"\n\t\t\t\t\t\t\t\tdata-text=\"w:normal;s:20,16,12,7;l:0,20,15,9;\"\n\t\t\t\t\t\t\t\tdata-dim=\"w:78px,64px,48px,38px;h:55px,45px,34px,27px;\"\n\t\t\t\t\t\t\t\tdata-frame_999=\"o:0;st:w;\"\n\t\t\t\t\t\t\t\tstyle=\"z-index:11;\"\n\t\t\t\t\t\t\t><img src=\"\/\/www.cartoons-talide.de\/wp-content\/uploads\/promotores\/Rosa-Luxemburg-Stiftung-Logo.png\" width=\"86\" height=\"61\" data-no-retina> \n\t\t\t\t\t\t\t<\/a><!--\n\n\t\t\t\t\t\t\t--><a\n\t\t\t\t\t\t\t\tid=\"slider-30-slide-37-layer-7\" \n\t\t\t\t\t\t\t\tclass=\"rs-layer\"\n\t\t\t\t\t\t\t\thref=\"https:\/\/www.ndr.de\/fernsehen\/sendungen\/bingo_die_umweltlotterie\/index.html\" target=\"_blank\" rel=\"noopener\"\n\t\t\t\t\t\t\t\tdata-type=\"image\"\n\t\t\t\t\t\t\t\tdata-rsp_ch=\"on\"\n\t\t\t\t\t\t\t\tdata-xy=\"xo:929px,631px,480px,70px;y:m;yo:0,0,0,17px;\"\n\t\t\t\t\t\t\t\tdata-text=\"w:normal;s:20,16,12,7;l:0,20,15,9;\"\n\t\t\t\t\t\t\t\tdata-dim=\"w:63px,52px,39px,28px;h:60px,49px,37px,27px;\"\n\t\t\t\t\t\t\t\tdata-frame_999=\"o:0;st:w;\"\n\t\t\t\t\t\t\t\tstyle=\"z-index:12;\"\n\t\t\t\t\t\t\t><img src=\"\/\/www.cartoons-talide.de\/wp-content\/uploads\/promotores\/Lottery-BINGO-Die-Umweltlotterie-Logo.png\" width=\"65\" height=\"62\" data-no-retina> \n\t\t\t\t\t\t\t<\/a><!--\n\n\t\t\t\t\t\t\t--><a\n\t\t\t\t\t\t\t\tid=\"slider-30-slide-37-layer-8\" \n\t\t\t\t\t\t\t\tclass=\"rs-layer\"\n\t\t\t\t\t\t\t\thref=\"https:\/\/www.facebook.com\/El-Indio-629336273800835\/\" target=\"_blank\" rel=\"noopener\"\n\t\t\t\t\t\t\t\tdata-type=\"image\"\n\t\t\t\t\t\t\t\tdata-rsp_ch=\"on\"\n\t\t\t\t\t\t\t\tdata-xy=\"x:l,l,l,r;xo:394px,273px,208px,67px;y:m;yo:0,0,0,-17px;\"\n\t\t\t\t\t\t\t\tdata-text=\"w:normal;s:20,16,12,7;l:0,20,15,9;\"\n\t\t\t\t\t\t\t\tdata-dim=\"w:174px,143px,108px,89px;h:45px,37px,28px,23px;\"\n\t\t\t\t\t\t\t\tdata-frame_999=\"o:0;st:w;\"\n\t\t\t\t\t\t\t\tstyle=\"z-index:13;\"\n\t\t\t\t\t\t\t><img src=\"\/\/www.cartoons-talide.de\/wp-content\/uploads\/promotores\/El-Indio-Logo.png\" width=\"201\" height=\"52\" data-no-retina> \n\t\t\t\t\t\t\t<\/a><!--\n-->\t\t\t\t\t\t<\/rs-slide>\n\t\t\t\t\t<\/rs-slides>\n\t\t\t\t<\/rs-module>\n\t\t\t\t<script type=\"text\/javascript\">\n\t\t\t\t\tsetREVStartSize({c: 'rev_slider_30_1',rl:[1240,1024,778,480],el:[130,90,80,70],gw:[1240,1024,778,480],gh:[130,90,80,70],type:'standard',justify:'',layout:'fullwidth',mh:\"0\"});\n\t\t\t\t\tvar\trevapi30,\n\t\t\t\t\t\ttpj;\n\t\t\t\t\tfunction revinit_revslider301() {\n\t\t\t\t\tjQuery(function() {\n\t\t\t\t\t\ttpj = jQuery;\n\t\t\t\t\t\trevapi30 = tpj(\"#rev_slider_30_1\");\n\t\t\t\t\t\tif(revapi30==undefined || revapi30.revolution == undefined){\n\t\t\t\t\t\t\trevslider_showDoubleJqueryError(\"rev_slider_30_1\");\n\t\t\t\t\t\t}else{\n\t\t\t\t\t\t\trevapi30.revolution({\n\t\t\t\t\t\t\t\tsliderLayout:\"fullwidth\",\n\t\t\t\t\t\t\t\tvisibilityLevels:\"1240,1024,778,480\",\n\t\t\t\t\t\t\t\tgridwidth:\"1240,1024,778,480\",\n\t\t\t\t\t\t\t\tgridheight:\"130,90,80,70\",\n\t\t\t\t\t\t\t\tperspective:600,\n\t\t\t\t\t\t\t\tperspectiveType:\"global\",\n\t\t\t\t\t\t\t\teditorheight:\"130,90,80,70\",\n\t\t\t\t\t\t\t\tresponsiveLevels:\"1240,1024,778,480\",\n\t\t\t\t\t\t\t\tprogressBar:{disableProgressBar:true},\n\t\t\t\t\t\t\t\tnavigation: {\n\t\t\t\t\t\t\t\t\tonHoverStop:false\n\t\t\t\t\t\t\t\t},\n\t\t\t\t\t\t\t\tfallbacks: {\n\t\t\t\t\t\t\t\t\tallowHTML5AutoPlayOnAndroid:true\n\t\t\t\t\t\t\t\t},\n\t\t\t\t\t\t\t});\n\t\t\t\t\t\t}\n\t\t\t\t\t\t\n\t\t\t\t\t});\n\t\t\t\t\t} \/\/ End of RevInitScript\n\t\t\t\tvar once_revslider301 = false;\n\t\t\t\tif (document.readyState === \"loading\") {document.addEventListener('readystatechange',function() { if((document.readyState === \"interactive\" || document.readyState === \"complete\") && !once_revslider301 ) { once_revslider301 = true; revinit_revslider301();}});} else {once_revslider301 = true; revinit_revslider301();}\n\t\t\t\t<\/script>\n\t\t\t<\/rs-module-wrap>\n\t\t\t<!-- END REVOLUTION SLIDER -->\n[\/vc_column][\/vc_row][vc_row css=&#8220;.vc_custom_1769484114117{background-color: #219226 !important;}&#8220; el_class=&#8220;over-hide z-bigger background-dark-3 footer&#8220;][vc_column css=&#8220;.vc_custom_1769484257786{padding-top: 100px !important;padding-bottom: 100px !important;}&#8220;]    <div class=\"shadow-on-footer\"  data-scroll-reveal=\"enter bottom move 30px over 0.5s after 0.1s\">Participa ahora<\/div>    <div class=\"container\"  data-scroll-reveal=\"enter bottom move 20px over 0.5s after 0.4s\">\r\n        <div class=\"row\">\r\n            <div class=\"col-12 text-center z-bigger py-5\">\r\n                <div class=\"footer-lines\">\r\n                    <a class=\"hover-target animsition-link\" href=\"https:\/\/www.cartoons-talide.de\/?page_id=5903&amp;lang=es\" target=\"_self\"><h4>Tienes una caricatura?<\/h4><\/a>                <\/div>\r\n            <\/div>\r\n        <\/div>\r\n    <\/div>   \r\n\r\n    [\/vc_column][\/vc_row]<\/p>\n","protected":false},"excerpt":{"rendered":"<p>[vc_row][vc_column el_class=&#8220;img-wrap px-5 px-xl-2 z-bigger&#8220;][vc_single_image image=&#8220;6671&#8243; img_size=&#8220;full&#8220; css_animation=&#8220;zoomIn&#8220;][\/vc_column][\/vc_row][vc_row el_class=&#8220;over-hide z-bigger&#8220; css=&#8220;.vc_custom_1552634248137{padding-bottom: 140px !important;}&#8220;][vc_column el_class=&#8220;padding-top z-bigger&#8220;][vc_custom_heading text=&#8220;Poder mundial y realidad \u2013 El orden global en transformaci\u00f3n&#8220; font_container=&#8220;tag:h5|text_align:left&#8220; use_theme_fonts=&#8220;yes&#8220;][\/vc_column][vc_column el_class=&#8220;mt-2 mb-5 page-title-small z-bigger&#8220;][vc_column_text el_class=&#8220;mb-0 pb-0&#8243; css=&#8220;.vc_custom_1769455377661{margin-bottom: 0px !important;}&#8220;]Poder, actores y nuevo orden global[\/vc_column_text][\/vc_column][vc_column][vc_row_inner][vc_column_inner][vc_column_text]El orden global se encuentra en plena transformaci\u00f3n. Las antiguas relaciones de poder se tambalean, [&hellip;]<\/p>\n","protected":false},"author":1,"featured_media":0,"parent":0,"menu_order":0,"comment_status":"closed","ping_status":"closed","template":"","meta":[],"_links":{"self":[{"href":"https:\/\/www.cartoons-talide.de\/index.php?rest_route=\/wp\/v2\/pages\/5956"}],"collection":[{"href":"https:\/\/www.cartoons-talide.de\/index.php?rest_route=\/wp\/v2\/pages"}],"about":[{"href":"https:\/\/www.cartoons-talide.de\/index.php?rest_route=\/wp\/v2\/types\/page"}],"author":[{"embeddable":true,"href":"https:\/\/www.cartoons-talide.de\/index.php?rest_route=\/wp\/v2\/users\/1"}],"replies":[{"embeddable":true,"href":"https:\/\/www.cartoons-talide.de\/index.php?rest_route=%2Fwp%2Fv2%2Fcomments&post=5956"}],"version-history":[{"count":14,"href":"https:\/\/www.cartoons-talide.de\/index.php?rest_route=\/wp\/v2\/pages\/5956\/revisions"}],"predecessor-version":[{"id":5961,"href":"https:\/\/www.cartoons-talide.de\/index.php?rest_route=\/wp\/v2\/pages\/5956\/revisions\/5961"}],"wp:attachment":[{"href":"https:\/\/www.cartoons-talide.de\/index.php?rest_route=%2Fwp%2Fv2%2Fmedia&parent=5956"}],"curies":[{"name":"wp","href":"https:\/\/api.w.org\/{rel}","templated":true}]}}